is the tens digit of a/14 + (-112710)/(-182)?
1
Suppose 10 = 3*v + 13. Let y(c) = -c**3 - c**2 + c. Let x(o) = -30*o**3 + 3*o**2 - 3*o + 6. Let t(q) = v*x(q) - y(q). What is the hundreds digit of t(2)?
2
Let a = 6 + 25. Let q = a + -22. Suppose q*x - 54 = 6*x. What is the tens digit of x?
1
Suppose -2831*m - 629910 = -2861*m. What is the thousands digit of m?
0
Suppose 4*n + 2*u + 8 = -4, 0 = n - 5*u + 3. What is the hundreds digit of (-9)/n + -4 - -1051?
0
Suppose 57 - 57 = 7*v. What is the hundreds digit of (-9728)/(-38) - (v + -3)?
2
Let v(o) = o + 251. Let j(w) = -3*w**3 + 36*w**2 - 8. Let c be j(12). What is the hundreds digit of v(c)?
2
Let j(y) = -y. Let x(q) = 7*q + 8. Let o be x(-3). Let w(r) = -3*r + 1. Let f(s) = o*j(s) + 6*w(s). What is the units digit of f(-5)?
1
Suppose 5*n + 3*r = -38089 + 154588, 2*n = -3*r + 46596. What is the hundreds digit of n?
3
Let o be 14/4*54/63. Suppose -2*p + 1005 = o*p. Let j = p - 117. What is the units digit of j?
4
Suppose 2*d - 54 = -0*d. Let a = d - 24. What is the tens digit of 6/4*a/(18/356)?
8
What is the thousands digit of -2 + -1 + 76545/27?
2
Suppose -2*i - 6*i + 32 = 0. Suppose 0*k + i*k + 5*d = 20, d - 4 = 2*k. Suppose 2*s = 5*p - 581, -5*p + 4*p + 2*s + 113 = k. What is the tens digit of p?
1
Suppose -3*h + 5*x = -15, -4*h + 37 = 4*x - 15. Suppose 5*f - h*f = 30. What is the units digit of 4 - (-7 + 4 - f)?
1
Let o = -267 - -161. Let z(h) = -h**3 + 7*h**2 - 3*h - 2. Let a be z(7). Let y = a - o. What is the tens digit of y?
8
Let d(l) = 5*l - 10. Let x be ((-52)/12)/(2/24). Let q = -49 - x. What is the units digit of d(q)?
5
Suppose 0 = 1571*w - 1575*w + 187176. What is the tens digit of w?
9
Let l = -52 - -56. Suppose -2*h + b + 663 = 2*b, 3*b = l*h - 1351. Let f = h + -174. What is the tens digit of f?
6
Let i(l) = -10*l**3 - 23*l**2 + 5*l + 60. What is the hundreds digit of i(-11)?
5
Let r = 128 + -125. Suppose -f + r = -45. What is the units digit of f?
8
Let d be 0*4/(-8*1)*-1. Suppose -w + 63 - 23 = d. Suppose -13*v + 15*v - w = 0. What is the units digit of v?
0
Suppose -33 = -3*j - 3*k, j - 2*j = 3*k - 15. Suppose -3*y - 3*q = -132, -3*y + 8*q + 142 = j*q. What is the units digit of y?
9
Suppose -2*n = -0*n. Suppose 0 = 4*g - 2*l - 42, -2*g + 449*l = 451*l - 6. Suppose 3*z + z - g = n. What is the units digit of z?
2
Let x = 10913 + -5793. What is the tens digit of x?
2
Suppose -2*t + 3 - 34 = -s, t + 2 = 5*s. Let v = 22 + t. Suppose v*k - 64 = k. What is the units digit of k?
6
Let o(z) = 5*z - 5. Let h be o(13). Suppose h*b - 63*b = -3522. What is the tens digit of b?
7
Suppose 116*h - 122*h + 18 = 0. Let g(p) = -51*p - 7. Let v(o) = 51*o + 8. Let d(j) = -4*g(j) - 3*v(j). What is the hundreds digit of d(h)?
1
What is the tens digit of (2 + 15/6)*1101*2?
0
Let s(t) = -35*t**3 + 14*t**2 + 52*t + 17. What is the units digit of s(-7)?
4
Let m(k) = 59*k**2 - 2*k - 22. Suppose -3 = 3*t + 6. What is the hundreds digit of m(t)?
5
What is the thousands digit of 21/(315/(-967650))*(-8)/10?
1
Suppose -3*k - 18 = -3*p, 4*p - 2*p - k = 8. Suppose -5*a + 4*v + 3378 = 0, -14*v + 1362 = p*a - 12*v. What is the units digit of a?
8
Let u be (-5246)/(-6) + (2 - (-8)/(-6)). Suppose -u = -11*i + 6*i. Let k = 273 - i. What is the tens digit of k?
9
Let j = 6065 + -3087. What is the hundreds digit of j?
9
Let a(n) = 14*n**2 - 7*n. Let t be a(-5). Let d be t/44 + 3/(-4). Suppose d*f - 615 = 177. What is the tens digit of f?
9
Let f(i) be the first derivative of i**4/2 + 40*i**3/3 + 39*i**2/2 + 26*i + 63. What is the units digit of f(-19)?
7
Let c be (92 + -91)*(-813)/(-3). Suppose 0 = 2*u - 1 - 1, 3*s = -5*u + 977. Suppose c = 5*d - s. What is the units digit of d?
9
Suppose 7*q + 8 = 11*q. Suppose 3070 = 5*z - 4*j + 331, q*z = 2*j + 1096. What is the tens digit of z?
4
Suppose -11*h = -4*z + 150173, -4*z + 3*h + 136794 = -13355. What is the thousands digit of z?
7
Let n = 64313 - 44087. What is the units digit of n?
6
Let y = -48 + 51. Let b(g) = 24*g**3 + 2*g - 3*g - 51*g**3 - 34*g**y. What is the tens digit of b(-1)?
6
Let u(t) = 3*t**2. Let b be u(-1). Suppose z - 5 = -2*a - 2*z, b*a + 3*z - 9 = 0. Suppose a*c - c - 144 = 0. What is the units digit of c?
8
Let b(l) = -769*l - 2831. What is the hundreds digit of b(-72)?
5
Let w be 595 - (-5 + 3 + 3 + -1). Suppose 0 = c - 2*f - w, -2*c - f + 1984 - 794 = 0. What is the hundreds digit of c?
5
Let q be 2748 + (-5 + (-4)/(-1) - 3). Suppose q = 25*u - 18*u. What is the tens digit of u?
9
Suppose n - 5*u = 15469, -n + 1606 + 13808 = 6*u. What is the hundreds digit of n?
4
Suppose 0 = 2*i + 13 - 19. Suppose x - i - 1 = 0. What is the units digit of 1 - (-121 - x/2) - -4?
8
Let f be (4/(-5))/((5/25)/(-1)). Suppose 3840 = 4*u - f*b, -10*b + 1927 = 2*u - 5*b. What is the units digit of u?
1
Let o = -7702 - -14662. Suppose o = -2*v + 7*v. Suppose -5*s + v = 472. What is the units digit of s?
4
Let j(b) = -2*b**2 - 37*b - 113. Let q(y) = -y**2 - 13*y - 38. Let x(s) = 3*j(s) - 8*q(s). What is the units digit of x(16)?
5
Let g(r) be the second derivative of r**4/6 - r**3/2 - 7*r**2/2 + 67*r. What is the tens digit of g(16)?
5
Let w(q) = -q**3 + 34*q**2 - 56*q - 28. Let i be 896/(-42)*6/(-4). What is the tens digit of w(i)?
2
Suppose -890077 = 57*v - 4690438. What is the hundreds digit of v?
6
Let w = -7937 + 14467. What is the hundreds digit of w?
5
Let f = 10851 - -261. What is the hundreds digit of 2/(-2 + 1)*f/(-16)?
3
Let w(p) = 6*p**3 + p**2. Let a be w(1). Suppose 2756 = 20*v - a*v. What is the tens digit of v?
1
Suppose 3*p + 72 + 30 = -5*u, -u = 4*p + 136. Let z = p - -47. Suppose -s + 4 = 2*b + 3*s, -3*b = -s - z. What is the units digit of b?
4
Let k(t) = t**2 - 28*t + 3. Let a be k(28). Suppose -j + 5*q = -1173, -3*q + 1939 = a*j - 1670. What is the hundreds digit of j?
1
Suppose -78*b + 160576 = -14*b. What is the units digit of b?
9
Suppose 0 = -4*k + 15635 + 47621. What is the tens digit of k?
1
What is the ten thousands digit of 56478/5*(-21 - (-1825)/75)?
3
Suppose -4*y = n - 782, -7*y = -6*y. Let a = n + -546. What is the units digit of a?
6
Suppose -29511 = -3*h - 0*h + 2*u, 9 = 3*u. What is the units digit of h?
9
Suppose 17 + 43 = 5*z. Suppose -3*c = -66 + z. Suppose 13 = -5*x + c. What is the units digit of x?
1
Let l(k) = 16*k + 5. Let b be l(-6). Let a = 97 + b. What is the tens digit of (-6716)/(-69) - 2/a?
9
Let y = -21 + 21. Suppose -4*w + 2*b + 92 = y, -w - b + 28 = b. Suppose 0*m - 4*i - w = -2*m, -4*i = 4. What is the units digit of m?
0
Let c = -61578 - -96811. What is the ten thousands digit of c?
3
Let y(b) = b**2 - b + 5104. What is the hundreds digit of y(0)?
1
Let a(s) = -s + 12. Suppose -3*w + 15 - 18 = 0. Let v be (w + (3 - 2))/(-2). What is the tens digit of a(v)?
1
Let o be (-7)/(-14) - 974/4. Let s = 437 + o. What is the units digit of s?
4
Suppose 3*x = 18120 + 10638. What is the tens digit of x?
8
Let s be 1 - 9/15 - (-515)/25. Let c = s + 17. Suppose -722 = -4*q - c. What is the hundreds digit of q?
1
Let k(r) = -r**2 + 7*r - 6. Let i be k(5). Suppose -4*h = -11*h - 6*h + 7800. Suppose 0 = v - g - 4*g - 180, -i*v = 4*g - h. What is the hundreds digit of v?
1
Suppose -5*l + 5*i - 67501 + 473131 = 0, 5*i = -5*l + 405700. What is the tens digit of l?
3
Suppose -6*f = -2*f - 48. Suppose -2*t + 0 = f. What is the units digit of 32 + 3*t/9?
0
Let s(p) = 6*p + 100. Let q be s(-15). What is the hundreds digit of (-5)/q - (-7684)/8?
9
Let a(k) = 6*k**2 - 8*k - 1. Let h(o) = 2*o**3 - 33*o**2 + 17*o - 8. Let f be h(16). What is the hundreds digit of a(f)?
3
Let j(b) = -1872*b - 241. What is the thousands digit of j(-4)?
7
Suppose 2*p = -2*n + 43752, 4*p - n = -16737 + 104211. What is the thousands digit of p?
1
Suppose 4*y - 1212 - 2422 - 2338 = 0. What is the hundreds digit of y?
4
Suppose 2*t + 6 = 10. Suppose 12 = -4*i - t*i. What is the units digit of (1 + i)*(1 - (-5 - -91))?
5
Suppose 14 = -6*g + 2. Let s be g + -5 + 69 + -1. Let l = 61 + s. What is the hundreds digit of l?
1
Let p = 61077 + -42058. What is the hundreds digit of p?
0
Let k be (-1 - -5) + -1 + 2. What is the units digit of (-2 + k)*91 - 5?
8
Let p = 109 - 800. What is the units digit of 1/(p/(-230) + -3)?
0
Suppose -7*w = 2*w - 45. Suppose 16*x = 11*x +